c(s) be the third derivative of 0 + 0*s - 3*s**2 - 1/6*s**3 + 1/12*s**4. What is c(3)?
5
Suppose -3*s = -38 + 14. Let l(o) = -4 + s*o - 5*o - 3 - 6*o. Determine l(-5).
8
Let x = 13 - 9. Suppose x*m = -m. Let s(l) be the third derivative of l**5/60 + l**4/24 - 3*l**3/2 - 11*l**2. What is s(m)?
-9
Let z(l) = -l**3 + 6*l**2 + 2*l - 8. Suppose -2*j - 2*s = -4, -4*s = -5*j + 19 + 27. Suppose 0 = y - j*y + 30. Determine z(y).
4
Let h(i) = -i**3 - 5*i**2 + i + 2. Let u be ((-1)/3)/(2 + (-184)/96). What is h(u)?
-18
Let o(f) = -3*f**2 + 2*f - 4. Suppose 4*k + 2 = -10. Determine o(k).
-37
Let u(j) be the second derivative of j**3/6 + j**2/2 + 49*j. Determine u(0).
1
Let b = 198 + -78. Let o be ((-1)/(-3))/(10/b). Let v = o - 8. Let h(a) = a**3 + 5*a**2 + 3*a + 5. What is h(v)?
9
Let d(i) be the third derivative of i**4/8 + 3*i**3 + 545*i**2. What is d(-10)?
-12
Let f(t) = 9*t**3 - 2*t + 1. Suppose -x + 15 = 4*h, -x = -h - 0*x + 10. Suppose 4*s = h*s - 1. Give f(s).
8
Let c(v) = v**2 - 5*v + 1. Let t = 43 + -38. Suppose 3*a - 4*m - 28 = 0, 0 = -t*a - 3*m + 3 + 5. What is c(a)?
-3
Let c = 19 - 16. Suppose -4 = -q + 3*w + 1, -c*q = 2*w - 4. Let d(u) = 2*u + 2. Determine d(q).
6
Let f(c) be the second derivative of -c**7/420 + c**6/90 + c**5/60 - c**4/12 + 7*c**3/6 - 20*c. Let d(n) be the second derivative of f(n). What is d(3)?
-14
Let c(b) = -b**3 + 3*b**2 + b - 2. Let k(z) = -4*z**2 + 34*z + 16. Let d be k(9). What is c(d)?
16
Let x(a) = 3*a**2 + a. Let p be -4 + (12 - 2) + 3. Suppose p + 0 = -9*j. Determine x(j).
2
Let f = 821 + -817. Let w(o) = -4*o**3 + 7*o**2 - o - 4. Let l(b) = 7*b**3 - 13*b**2 + 2*b + 7. Let p(m) = -3*l(m) - 5*w(m). Calculate p(f).
-5
Let a(j) = -5*j**2 - 4*j - 18. Let k(o) = 14*o**2 + 10*o + 48. Let v(f) = -8*a(f) - 3*k(f). Give v(5).
-40
Let z(l) = l**3 + 10*l**2 + 9*l - 5. Let m(d) = d**2 - 2*d - 89. Let p be m(-8). Determine z(p).
-5
Let n = 28 - 29. Let k be n/4*-2*2. Let z(v) = 9*v**2 - 2*v + 1. Give z(k).
8
Suppose -4*f - 102 = 2*f. Let n(q) = -q**2 - 15*q + 25. Give n(f).
-9
Let t(d) be the second derivative of -d**4/12 - 5*d**3/6 - d**2 + d + 11. Calculate t(-3).
4
Let k(j) = -3*j**2 - 3*j - 1. Let m(p) = -p. Let c(h) = -k(h) + 5*m(h). Suppose z - 11 = -4*x, 2*x + 4 = -5*z + 23. Calculate c(x).
9
Let m = 180 + -186. Let j(t) = -t**2 - 4*t + 2. Give j(m).
-10
Let u(y) = -y**2 + 2*y - 2. Let z be u(4). Let v(f) = -f - 1. Let t be v(z). Suppose 4*c - c = t. Let o(b) = -b**3 + 2*b**2 + 3*b - 2. What is o(c)?
-2
Let s(l) = -5*l**2 - 1 + 5*l**2 - 7*l**2 - 2*l**2 + 3*l. Let f be s(1). Let n(k) = k + 1. Give n(f).
-6
Suppose -f - 14 = -2*h, 5*h - 44 = -f - 9. Let v(j) be the third derivative of j**6/120 - 7*j**5/60 - j**4/24 + 3*j**3/2 - j**2. Calculate v(h).
2
Suppose 4*d - n + 11 = 0, 2*d + 3*n + 0*n - 5 = 0. Let i(l) = 38 + 3*l + l**2 - 31 - 4 - l**3. What is i(d)?
9
Let l(t) be the first derivative of -6 + 3*t - 1/3*t**3 + 5*t**2. Determine l(10).
3
Let r(s) = 134*s**2 - 44*s**2 - 49*s**2 + 8*s - 42*s**2 - 10. Determine r(9).
-19
Let z(c) = 3*c + 0 - 5 - 2*c. Let s = 40 - 37. Suppose 16 = 2*g + s*l, 5*g - 4*l - 3 - 14 = 0. What is z(g)?
0
Let a(q) = 3*q - 6. Let j be -98 + 111 + (-13)/1. Calculate a(j).
-6
Let p(c) = -c - 1. Let i(k) = 3*k + 5. Let y(g) = i(g) + 4*p(g). Let a(t) = 3*t - 4. Let l(q) = 2*a(q) + 7*y(q). Calculate l(-2).
1
Let r(m) = -2*m**2 + 62 + 4*m - 60 + 4. Determine r(-1).
0
Let f(p) = p + 4. Let r be f(-2). Let t be r/(-2 - 16/(-12)). Let m(w) = 3*w + 4. Give m(t).
-5
Let a(q) = -2*q + 4. Suppose -4*c = -j + c - 1, 3*j - 2*c = 10. Let s be (j + -2)*6/(-4). What is a(s)?
10
Let z(i) = 1. Let j(q) = 4*q + 7. Let l(t) = -j(t) + 4*z(t). Let g(s) = -2*s - 5. Let o be g(-7). Suppose 0 = 3*k - 0 + o. What is l(k)?
9
Suppose -4*s + s + 18 = 0. Let o(b) = 1 - 3 + b + b**2 - s*b - 4. What is o(7)?
8
Let j(m) = -m**3 + 4*m**2 - m + 2. Let n = -13 - -49. Suppose -g - 3*g = n. Let i = g + 13. Calculate j(i).
-2
Let j(t) = -t**2 - t + 2. Let k be j(0). Suppose 3*y = -k*y. Let s(r) = -r**3 - r**2 - 4. What is s(y)?
-4
Let r(m) = -3*m**2 - 22*m + 19. Let c be r(-8). Let h(u) be the first derivative of 1 - 1/2*u**2 + c*u. Give h(6).
-3
Let c(m) = -11*m**2 - 4*m + 3. Let s(f) = -9*f**2 - 3*f + 3. Let k(u) = 4*c(u) - 5*s(u). Determine k(0).
-3
Let v = 5 - 10. Let l(q) be the third derivative of -q**5/60 + 7*q**3/6 - q**2 - 47. Determine l(v).
-18
Let i(p) = -150*p + 2 + 146*p - 28. Determine i(-7).
2
Let x(l) = -l**3 - l**2 + l - 2. Let u be ((-119)/(-14))/17*0/(-1). Determine x(u).
-2
Let b = 150 - 262. Let c be 102/14 - (-32)/b. Let k(q) = -q**2 + 8*q. Give k(c).
7
Let j(a) = -22*a - 1. Let o(s) = s. Let q(l) = j(l) + 3*o(l). Let r(y) = -2*y**3 - 9*y**2 + 6*y + 6. Let m be r(-5). What is q(m)?
-20
Suppose 15 = -47*y + 52*y. Let n(t) = -y*t + 109*t**2 + 2*t - 110*t**2 - 7. Give n(0).
-7
Let f(i) = 5*i**3 - 5*i**2 + i - 5. Let s(j) = -j**3 + j**2 - j - 1. Let x(w) = -f(w) - 4*s(w). Let a(z) be the first derivative of x(z). What is a(3)?
-18
Let o be 4/18 - 100/(-36). Let a(y) be the third derivative of y**6/120 - y**5/20 + y**4/6 - y**3/3 - 4*y**2. Calculate a(o).
10
Let t be ((-6)/(-4))/(19/38). Suppose t*g + 6 = 15. Suppose -h = g, 4*h - 5 - 1 = 3*p. Let c(j) = -j**2 - 8*j - 8. What is c(p)?
4
Let u(o) = 3*o - 3. Let b(l) = -l. Let y(g) = -4*b(g) - u(g). Let z(p) = 4*p + 28. Let c be z(-7). What is y(c)?
3
Let t(u) be the third derivative of u**7/1680 + u**6/360 + 7*u**5/30 - 22*u**2. Let q(f) be the third derivative of t(f). What is q(2)?
8
Let n(h) = -h**3 + 8*h**2 - 6*h - 2. Let v be n(7). Let s(o) = 6*o + 2. Let r(z) = -5*z - 2. Let u = 20 + -26. Let f(y) = u*s(y) - 7*r(y). What is f(v)?
-3
Let i be 3/4 + (-100)/(-16). Let x(t) = 8 + 6 - i*t**2 + 5 + 3*t. Let p(o) = 3*o**2 - 2*o - 9. Let l(n) = -9*p(n) - 4*x(n). Give l(-5).
0
Let r(j) = 27 - 16 - j - 13 + 4. What is r(1)?
1
Let f be (-2)/16 + ((-639)/72 - -3). Let r(q) = -q**3 - 6*q**2 + 2*q - 6. Calculate r(f).
-18
Suppose -d = -4*m + 57, -5*m + 5*d + 47 = -13. Suppose -m = 6*n - n. Let w(o) = -4 + o**2 + 0 + 6*o + 5. Calculate w(n).
-8
Suppose -2*d + 3*d - 2 = 0. Let b(u) = 8*u + u - 10*u + 3 + 1. Calculate b(d).
2
Let p(j) = -j**3 + 2*j - 4. Suppose -17*w - 30 = -27*w. Give p(w).
-25
Let x be 5/(-30) - (-29)/(-6). Let v(h) = -4*h**2 - 8*h. Let y(i) = 7*i**2 + 15*i - 1. Let s(n) = -5*v(n) - 3*y(n). What is s(x)?
3
Let r(s) = -4*s**3 + 2*s**2 + 4*s + 2. Let o(x) = 14*x - 29. Let g be o(2). Calculate r(g).
4
Let x be 75/20 + 3/12. Let o be (12/(-15))/(x/20). Let q(h) be the third derivative of -h**6/120 - h**5/12 - h**4/4 - 5*h**3/6 - 2*h**2. Calculate q(o).
3
Let h(z) = 4*z + 39. Let i be h(-8). Suppose 0*b = b + i*b. Let j(u) = 7*u + 7. Let d(n) = 10*n + 10. Let g(w) = 5*d(w) - 7*j(w). Calculate g(b).
1
Let i(s) = 7*s - 3. Let p(a) = 12*a - 7. Let b(v) = 5*i(v) - 3*p(v). Determine b(8).
-2
Let k(x) = -x**3 - 3*x**2 + 2*x - 2. Let u be k(-4). Suppose -7*c + u*c = 9. Let l(f) = -f**2 - 11*f - 12. Determine l(c).
6
Let s = 18 + -15. Let z(f) = -5 + 4*f**2 + 8 - f**s + 3*f - 4*f - 1. Let q = -3 - -6. Determine z(q).
8
Let k(q) = -6*q**2 + 9*q + 21. Let j(f) = -17*f**2 + 27*f + 59. Let b(y) = 4*j(y) - 11*k(y). Calculate b(6).
-13
Let p(r) = 7*r - 1. Let y(k) = 6*k. Let g(i) = 3*p(i) - 4*y(i). Let j be g(-2). Let m(h) = -3*h**2 - h**3 + 7 + 0 + j*h + 0 - 3. Give m(-3).
-5
Let i be 1/9 - 512/72. Let w(d) = d**3 + 7*d**2 - d - 6. Give w(i).
1
Suppose 11 = -3*r + c, -4*r = -6*c + 3*c + 23. Let m(s) = s**2 + 2*s. Determine m(r).
0
Let x(o) = -o**2 - 5*o - 3. Let p be 0/((-4 - -2)*-1). Suppose -4 = 4*y, -j = -y - p*y - 2. Suppose -2*q + j = 9. Determine x(q).
1
Let w(j) = j + 4 - 3 - j**3 - 2. Suppose 0 = -7*f + 2*f - 580. Let a = -118 - f. Determine w(a).
5
Let y(z) = 3*z - 4. Let d be 2/(-4) - 25/(-2). Suppose 17*b - 21*b = -d. Give y(b).
5
Let h = 24 + -23. Let t(o) = -o**2 - h - 6 - 5*o - 2*o - 2*o. Suppose -g + 3*y - 9 = -2*g, 19 = -4*g - y. Determine t(g).
11
Let r(f) = -2 - 2*f**2 - 2 - 1 + 6*f - 1. Suppose -95*q + 4 = -94*q. Determine r(q).
-14
Let j be (-1 - -1) + 0 - 0. Let t be j - (0 - -4) - -1. Let z(x) = x - 2 - 2 + 1. Calculate z(t).
-6
Let c(p) = p**3 + p**2 - p - 2. Let j be (824/6)/2 + 20/(-30). Let x = -70 + j. Calculate c(x).
-4
Let q(k) = -4*k**2 - 13*